 Let p(x) = 4*x + 4. Let l(s) = -2*p(s) - 9*w(s). Calculate l(-2).
-1
Let v(k) = k**3 - 6*k**2 + 3*k + 6. Suppose -1 = h - 6. Suppose -3*i + 4 = i, 5*i - 65 = h*q. Let t = 17 + q. What is v(t)?
-4
Let j(m) = m**2 + 17*m + 12. Let w be j(-16). Let q(v) = -v**3 - 5*v**2 - 5*v + 3. Give q(w).
7
Let j(k) = -6*k + 1. Let i = 62 + -63. Determine j(i).
7
Let p(f) = f - 3. Let b(o) = -o**3 - 3*o**2 - o. Let x be b(-3). Calculate p(x).
0
Suppose 3*y - g = -15, 4*y + 3 + 7 = -2*g. Let x(q) = 4*q + 3. Give x(y).
-13
Let b(d) = d**3 - 4*d**2 - 5*d - 3. Suppose 4*k + 16 + 0 = -2*m, 5*k = 3*m - 20. Let q = 0 - k. Let o = 1 + q. What is b(o)?
-3
Let k(f) = -7*f**3 - 2*f**2 - 6*f - 7. Let h(l) = -6*l**3 - l**2 - 5*l - 6. Let c(p) = -6*h(p) + 5*k(p). Calculate c(3).
-8
Let g(q) = -8*q**3 + q**2 - q + 1. Suppose 3*j - 3*y + 6 = 0, -2*j - 10 = -4*y - y. Suppose j*f = 2*c - f + 2, 2*f - 8 = 0. Give g(c).
-7
Suppose c + 2 - 4 = 0. Let p(y) be the first derivative of y**4/2 - y**2 + 13. What is p(c)?
12
Let j(y) = -4*y**2 + 11*y + 3. Let o(a) = -3*a**2 + 10*a + 4. Let x(z) = 4*j(z) - 5*o(z). What is x(-6)?
-8
Suppose 5*q + 10 = 3*m, 0 = 5*q - 2*q + 15. Let o(c) = c**3 + 6*c**2 + 6*c + 1. Calculate o(m).
-4
Let r(c) be the first derivative of -c**4/4 - 5*c**3/3 + 7*c**2/2 - 5*c + 5. Calculate r(-6).
-11
Let q = -323 + 327. Let b(t) = -2*t**3 + 5*t**2 - 9*t - 5. Let n(w) = -3*w**3 + 8*w**2 - 13*w - 8. Let l(u) = 7*b(u) - 5*n(u). Determine l(q).
-3
Suppose 9 - 3 = c. Let p(o) = o. Determine p(c).
6
Let w(c) = c + 0 + 5 + 0*c. Let t(i) = i - 1. Let m be t(9). Suppose -s = -3*s - m. Calculate w(s).
1
Suppose -6*z + 2*z + 84 = 0. Suppose -z = 6*o - 3*o. Let x(a) = a + 13. Determine x(o).
6
Let r(z) = -5*z - 1. Let k(j) = -21*j - 5. Let p(c) = 2*k(c) - 9*r(c). Let w(x) = x + 2. Let y be w(2). What is p(y)?
11
Suppose 1 = 3*m - 8. Suppose -p + g = 4*g + 10, -m*p - 4*g = 5. Let n(z) = -6 + 2*z - 3*z + p*z. Give n(4).
10
Suppose o + 3*z + 12 = 0, -2*o - 5*z = 3*o + 10. Let t(k) = -16*k + 16. Let s(x) = 3*x - 3. Let b(a) = -33*s(a) - 6*t(a). Calculate b(o).
-6
Suppose 4*g = z - 5*z + 36, 0 = -3*z + 9. Let a(t) = 24 - 24 + g*t**2. Suppose 3 = -3*r - 0*r. Give a(r).
6
Suppose 6*t = 2*t. Suppose -6*i + 2*i = t. Let c be i/(-1 + -1 + 0). Let h(b) = b**2 - b + 1. Give h(c).
1
Let u(k) = 2*k - 2. Let n(w) = w + 1. Let x(l) = -n(l) + u(l). Determine x(0).
-3
Let h(i) be the second derivative of i**6/720 + i**5/120 - i**4/6 - i. Let q(m) be the third derivative of h(m). What is q(0)?
1
Let s(d) = -2*d + 2. Let a(h) = 3*h - 4. Let t(g) = 3*a(g) + 5*s(g). What is t(-9)?
7
Let t(u) = -u**3 + 2 + 2 - 3*u - 1 - 6*u**2. Suppose -5*f = -19 - 36. Suppose 0 = -2*b + 5*c - 25, -3*b = -3*c + 13 + f. Calculate t(b).
-7
Let x(t) = 6*t**3 + 5*t + 1. Let u(k) = 13*k**3 + k**2 + 11*k + 2. Let l(a) = -3*u(a) + 7*x(a). Determine l(2).
17
Let w(k) = -k**2 + 5*k. Let g = 1 + 0. Let f be (-66)/(-12) + g/(-2). Calculate w(f).
0
Let i(m) = m**2 - m + 1. Let v(f) = -4*f**2 - 2*f + 3. Let l(k) = -2*i(k) + v(k). Calculate l(-1).
-5
Let i(a) = a**2 - a - 1. Let c(v) = v**3 - 2*v**2 + v - 11. Let b(t) = -c(t) + 4*i(t). What is b(5)?
7
Let s(x) = 2*x. Let f be s(2). Suppose 5*l - r = -0*l + 6, -4*l + f*r - 8 = 0. Let b(z) = -z + 1 - 3 + 3*z - z**2. Give b(l).
-2
Let f(k) be the third derivative of k**6/24 - k**3/6 + 2*k**2. Let w = -71 + 70. Give f(w).
-6
Let c = -89 + 86. Let q(r) = -r**3 - 5*r**2 + 3*r - 1. Let g(k) = -3*k**3 - 16*k**2 + 9*k - 2. Let f(d) = 2*g(d) - 7*q(d). Calculate f(c).
12
Let m(c) be the third derivative of -c**5/60 + 7*c**4/24 - c**3/6 + 21*c**2. What is m(5)?
9
Suppose -2*g + 7 = w, -2*w - 3*g + 4 + 5 = 0. Let x be 0 - (w + 1/(-1)). Let d(l) = l**3 - 5*l**2 + 4*l + 4. Determine d(x).
4
Let r(l) = 3*l**3 - 23*l**2 + 11*l + 17. Let g(v) = v**3 - 8*v**2 + 4*v + 6. Let d(a) = -8*g(a) + 3*r(a). Let y be (0 - (-2)/5)*10. Determine d(y).
-9
Suppose 0 = -b + 2 + 4. Let f(o) = 6*o - 2. Let i(w) = -6*w + 2. Let g(q) = b*f(q) + 5*i(q). Give g(-2).
-14
Let v(o) = -o - 10. Let d be v(-10). Let z(c) = c**3 - c**2 + c + 4. Determine z(d).
4
Let t(d) = -221*d**2 - 4 + 6*d + 222*d**2 - 3. What is t(-6)?
-7
Suppose -3 = 2*z - 5*t, 4*z = -5*t - 4 + 13. Let l be -2*(z/(-1) - 1). Let b = l - 8. Let w(j) = j**2 + 6*j + 2. Determine w(b).
-6
Let l(d) = -7*d - 19. Let v(u) = 4*u + 10. Let n(o) = 3*l(o) + 5*v(o). Let y(z) = 2*z + 13. Let m be y(-9). What is n(m)?
-2
Let z(x) be the third derivative of x**5/60 - x**4/24 - x**3/3 + 5*x**2. Let d be 2/(-9) - (-97)/(-9). Let k = -8 - d. Determine z(k).
4
Suppose 0 = -n - 2*i - 5, -i - 30 = -3*n + 2*i. Suppose -n*z - 5*b = 5, 2*z + 10 = 4*z - 2*b. Let j(w) = -w**3 + w**2 - w - 1. Calculate j(z).
-7
Let u(q) be the first derivative of -22*q + 4*q + q**2 - 4 - 3 + 11*q. Determine u(5).
3
Let m(r) be the second derivative of -2*r**3/3 - r**2/2 - 23*r. Determine m(3).
-13
Let t(q) = -2*q - 14. Let v(x) = x. Let f(p) = -t(p) - 3*v(p). Determine f(6).
8
Suppose -5*h = -d + 67, 65 = 2*h - 6*h - 3*d. Let n be (-6)/(-15) - h/(-10). Let s(p) = 4*p + 1. Determine s(n).
-3
Suppose -27 = -5*y - 12. Suppose -f = 2 - y. Let s(o) be the second derivative of o**5/20 - o**4/12 - o**3/6 + o**2/2 - 8*o. Give s(f).
0
Let o(g) be the third derivative of -g**5/60 - 5*g**4/24 - g**3/6 + 7*g**2. Determine o(-4).
3
Let g(u) = -u**2 - 4*u + 1. Let v = -49 - -44. What is g(v)?
-4
Let j(p) = p**2 - 8*p + 5. Suppose 0 = -3*l + 4 + 11. What is j(l)?
-10
Let d(w) = 0 + 2 + 7*w**2 - 21*w - w**3 - 27*w + 40*w. Calculate d(6).
-10
Let f(d) be the third derivative of 0 - 7/24*d**4 - 7/6*d**3 + 0*d + 5*d**2 - 2/15*d**5 - 1/120*d**6. Calculate f(-7).
-7
Let w(d) = -3*d - 2*d + 4*d - 5 + 0*d. Give w(-6).
1
Let k(h) = -h - 5. Suppose 0 = -3*f - 12, 3*w - w = 2*f + 16. Determine k(w).
-9
Let i(v) = v**2 - 5. Let x be 3/(3 + -6) - 1. Let f(g) = g**2 - 1. Let a(l) = x*f(l) + i(l). What is a(0)?
-3
Let o(g) = 12*g + 3. Let n be (2 - 3)/(2/(4/1)). Calculate o(n).
-21
Let j(i) = -i + 6 - 5 + 25*i**2 - 27*i**2. Suppose 4*l = 3*g - 0*l + 17, 5*g - l = 0. Give j(g).
-2
Let p(r) = -r - 6. Let o be 7 + (-4)/(-2) - 2. Let i = o + -12. Determine p(i).
-1
Let w = 30/19 - 341/228. Let o(q) be the third derivative of 0*q - 1/120*q**6 + 1/30*q**5 + w*q**4 + 0 + 0*q**3 + 3*q**2. Determine o(3).
-3
Let c(g) be the second derivative of -g**4/12 - 5*g. Calculate c(2).
-4
Let q = 14 - 10. Let f(k) = k**3 - 5*k**2 + 2*k + 1. Determine f(q).
-7
Let m(h) = 2*h + 5. Suppose -c = -5*n - 11, -3*c - 3*n = -n + 18. Determine m(c).
-3
Let l(h) = h**2 - 3*h + 1. Let t = 2 - 5. What is l(t)?
19
Let q(f) = -f**3 - 2*f**2 + 8*f + 10. Let n be q(-3). Let m(c) = c**2 + c - 1. Let a(y) = -6*y**2 - 8*y + 10. Let l(w) = a(w) + 5*m(w). Give l(n).
-5
Let n(d) be the first derivative of -4 + 1/2*d**2 + 0*d. Let r = 6 - 11. Calculate n(r).
-5
Let h = -22 - -35. Suppose -h*t + 15*t = 0. Let x(b) = -b + 6. Determine x(t).
6
Let a = 200 + -201. Let q(j) be the third derivative of 1/6*j**3 - j**2 + 0*j + 0 - 1/60*j**5 + 0*j**4. Give q(a).
0
Let u(r) = 4*r**2 - r - 7*r**2 + 4*r**2 + 1. Give u(2).
3
Let k(j) be the second derivative of -j**3/6 + 3*j**2 - 40*j. What is k(6)?
0
Let a = 3 + -1. Let g(s) = 5 + 3*s**a - 5*s - 5*s**2 + s**2. What is g(-5)?
5
Let i(k) = -5*k + 8. Let l(v) = -6*v + 8. Let z = -3 + -4. Let r(u) = z*i(u) + 6*l(u). Determine r(-6).
-2
Let p(q) = -q**2 + 5*q. Let n be p(4). Let u(t) = -2*t + 2. Give u(n).
-6
Let w(h) be the third derivative of h**4/24 - h**3/2 - h**2. What is w(5)?
2
Let l(z) = z**2 - 4*z - 4. Let s be l(3). Let n = s - -11. Let f(m) = -m + 6 + 0*m - 2*m. Give f(n).
-6
Let j(x) = -x**3 + 5*x**2 - 3*x + 4. Let k be -1*(-2)/(-1) - -6. Determine j(k).
8
Let z(j) = -j**3 + j**2 - 2*j + 2. Let r(l) = l**3 - 4*l**2 + 2*l - 3. Let v be r(3). Let t = v - -8. Calculate z(t).
-6
Let j(x) = -3*x + 9. Let u be j(5). Let a(g) = g + 12. Calculate a(u).
6
Let q(m) = -m**3 - 5*m**2 - 3*m. Let x be q(-4). Let o = x - -5. Let n(w) = -4*w - 1. What is n(o)?
-5
Let i be ((-6)/10)/(1/(-5)). Suppose 5 = i*r - 7. Let m(b) = -4 + 3*b**2 - 8*b - r*b**2 - 2. Determine m(-5).
9
Let y(d) = d**2 + 2 - 9*d + 10*d + 0. Determine y(0).
2
Let k be (-18)/10*(-20)/6. Let t = k + -8. Let o(h) = -h**2 - 3*h - 1. Let b(a) = a. Let q(n) = 2*b(n) + o(